digit of 4377012045?
3
What is the ten millions digit of 1609225129?
0
What is the units digit of 6501937762?
2
What is the hundred thousands digit of 57140443?
1
What is the millions digit of 2017732559?
7
What is the units digit of 500211204?
4
What is the units digit of 1082895705?
5
What is the ten millions digit of 39642817?
3
What is the ten millions digit of 513034813?
1
What is the units digit of 865322042?
2
What is the ten millions digit of 595755277?
9
What is the units digit of 275182213?
3
What is the hundred millions digit of 254901594?
2
What is the units digit of 63542740?
0
What is the hundred millions digit of 144676067?
1
What is the hundred millions digit of 163461430?
1
What is the hundred millions digit of 2508502354?
5
What is the thousands digit of 856732245?
2
What is the billions digit of 1362121424?
1
What is the ten thousands digit of 96482112?
8
What is the ten millions digit of 511914319?
1
What is the hundred thousands digit of 34154424?
1
What is the millions digit of 75743830?
5
What is the hundreds digit of 102409452?
4
What is the tens digit of 10236997?
9
What is the hundred millions digit of 438875176?
4
What is the thousands digit of 449114391?
4
What is the hundred thousands digit of 1949676464?
6
What is the ten millions digit of 971846849?
7
What is the hundred thousands digit of 222074139?
0
What is the hundred thousands digit of 34258633?
2
What is the hundred thousands digit of 359791981?
7
What is the ten thousands digit of 72120783?
2
What is the units digit of 8459566367?
7
What is the ten thousands digit of 162234776?
3
What is the tens digit of 13663181?
8
What is the thousands digit of 152337411?
7
What is the thousands digit of 10924209?
4
What is the tens digit of 2128005721?
2
What is the ten thousands digit of 110329308?
2
What is the units digit of 2763851?
1
What is the hundred thousands digit of 3644766640?
7
What is the thousands digit of 56303301?
3
What is the units digit of 221603758?
8
What is the millions digit of 63120618?
3
What is the thousands digit of 2328881727?
1
What is the hundreds digit of 27227708?
7
What is the thousands digit of 243141499?
1
What is the hundreds digit of 52116826?
8
What is the ten millions digit of 64527814?
6
What is the hundred millions digit of 149579824?
1
What is the tens digit of 1831288?
8
What is the units digit of 311003176?
6
What is the hundreds digit of 19804436?
4
What is the tens digit of 6539247919?
1
What is the hundreds digit of 2216976?
9
What is the ten thousands digit of 4618993924?
9
What is the ten thousands digit of 288862912?
6
What is the tens digit of 125562873?
7
What is the hundreds digit of 29983247?
2
What is the hundred thousands digit of 5417742094?
7
What is the thousands digit of 2508479884?
9
What is the ten thousands digit of 87720355?
2
What is the units digit of 135700888?
8
What is the thousands digit of 35226440?
6
What is the units digit of 1805079842?
2
What is the hundreds digit of 120532771?
7
What is the hundred millions digit of 1448184367?
4
What is the millions digit of 139647041?
9
What is the ten thousands digit of 39713692?
1
What is the hundred thousands digit of 41342700?
3
What is the ten thousands digit of 607992?
0
What is the hundred thousands digit of 22184911?
1
What is the hundred thousands digit of 7954347?
9
What is the millions digit of 262288708?
2
What is the ten thousands digit of 642309360?
0
What is the ten thousands digit of 654929859?
2
What is the ten thousands digit of 7438326415?
2
What is the hundred thousands digit of 148553511?
5
What is the ten thousands digit of 85800352?
0
What is the tens digit of 11804986?
8
What is the hundreds digit of 461583949?
9
What is the hundred millions digit of 337742876?
3
What is the ten millions digit of 461781438?
6
What is the thousands digit of 925589736?
9
What is the ten millions digit of 18567323?
1
What is the units digit of 84720142?
2
What is the hundred thousands digit of 63516326?
5
What is the millions digit of 45937395?
5
What is the hundred thousands digit of 136056614?
0
What is the hundreds digit of 2555834416?
4
What is the hundreds digit of 101961650?
6
What is the hundred millions digit of 112804975?
1
What is the ten millions digit of 449484848?
4
What is the millions digit of 20687914?
0
What is the thousands digit of 883096994?
6
What is the hundred thousands digit of 27733271?
7
What is the units digit of 36899083?
3
What is the units digit of 149482450?
0
What is the ten millions digit of 127744883?
2
What is the hundreds digit of 1274046947?
9
What is the hundred millions digit of 275756277?
2
What is the hundreds digit of 48457251?
2
What is the ten thousands digit of 142785607?
8
What is the ten millions digit of 1319147112?
1
What is the hundreds digit of 40948355?
3
What is the units digit of 93932704?
4
What is the hundreds digit of 562254241?
2
What is the hundreds digit of 49499015?
0
What is the hundred thousands digit of 144720154?
7
What is the hundred thousands digit of 50182852?
1
What is the ten thousands digit of 883145991?
4
What is the ten millions digit of 50288342?
5
What is the hundreds digit of 189311326?
3
What is the ten thousands digit of 473206700?
0
What is the thousands digit of 337279043?
9
What is the ten millions digit of 4535022928?
3
What is the thousands digit of 138949967?
9
What is the units digit of 3376957501?
1
What is the ten millions digit of 120295998?
2
What is the millions digit of 1628487826?
8
What is the hundreds digit of 2790153050?
0
What is the thousands digit of 63877160?
7
What is the thousands digit of 16788745?
8
What is the units digit of 34632336?
6
What is the ten millions digit of 1934094262?
3
What is the millions digit of 68465457?
8
What is the tens digit of 1730582673?
7
What is the tens digit of 411824995?
9
What is the units digit of 28819648?
8
What is the hundred thousands digit of 181256930?
2
What is the ten thousands digit of 33452041?
5
What is the ten thousands digit of 673096929?
9
What is the ten thousands digit of 1527773639?
7
What is the tens digit of 206447540?
4
What is the hundred thousands digit of 398852727?
8
What is the hundred thousands digit of 128302576?
3
What is the ten thousands digit of 1227698417?
9
What is the billions digit of 2205361588?
2
What is the hundreds digit of 382671357?
3
What is the thousands digit of 1031555250?
5
What is the hundred thousands digit of 60167938?
1
What is the hundred millions digit of 253125285?
2
What is the hundreds digit of 1646850832?
8
What is the ten thousands digit of 345793131?
9
What is the millions digit of 55710836?
5
What is the hundreds digit of 956469323?
3
What is the tens digit of 117608730?
3
What is the hundreds digit of 29514966?
9
What is the thousands digit of 600843968?
3
What is the hundreds digit of 225974797?
7
What is the ten thousands digit of 750910165?
1
What is the ten thousands digit of 3016933025?
3
What is the thousands digit of 22392119?
2
What is the hundred thousands digit of 27703865?
7
What is the thousands digit of 177030954?
0
What is the units digit of 35973614?
4
What is the tens digit of 169199431?
3
What is the units digit of 72580368?
8
What is the tens digit of 61979894?
9
What is the tens digit of 62799819?
1
What is the millions digit of 957144915?
7
What is the hundreds digit of 53983420?
4
What is the millions digit of 274773699?
4
What is the tens digit of 305874045?
4
What is the ten millions digit of 3102542880?
0
What is the millions digit of 14300507?
4
What is the hundreds digit of 141920672?
6
What is the ten millions digit of 1121414530?
2
What is the thousands digit of 36517958?
7
What is the hundred thousands digit of 4350870087?
8
What is the thousands digit of 4273660157?
0
What is the hundreds digit of 96822662?
6
What is the ten thousands digit of 59883775?
8
What is the hundreds digit of 5080524946?
9
What is the ten thousands digit of 2873457501?
5
What is the units digit of 740689185?
5
What is the ten thousands digit of 2931965543?
6
What is the hundred millions digit of 202676514?
2
What is the hundreds digit of 4522946?
9
What is the tens digit of 204435570?
7
What is the millions digit of 33266090?
3
What is the millions dig